2 - w - 4. Let c be (472/56 - 8)*7. Calculate r(c).
20
Let l(x) be the first derivative of -1/3*x**3 + 5*x - 5/2*x**2 - 41. Determine l(-7).
-9
Let r(j) = 2*j - 2*j - 7*j**3 + j. Suppose 3*h + 56 = 14. Let c be 6/3*(h/(-4) - 3). Determine r(c).
-6
Let z be (-9)/6 + 5/2. Let g be z*2 + 50/(-5). Let o(w) = -w - 9. Determine o(g).
-1
Let x(i) = 4*i. Let j = -372 - -366. Let m(s) be the third derivative of -5*s**4/24 - s**2. Let v(o) = j*m(o) - 7*x(o). Determine v(3).
6
Let i(x) = 5*x + 1. Let j(h) = 4*h**2 + 45*h + 17. Let c be j(-11). What is i(c)?
31
Let g(i) = -3*i - 1. Suppose 71 = 7*a + 15. Let o be 6/a - 81/12. Calculate g(o).
17
Let u(v) = -v - 9. Let b be u(-9). Let t(o) be the third derivative of 1/120*o**6 - 1/24*o**4 + 1/12*o**5 + 7/6*o**3 + 4*o**2 + 0 + b*o. Give t(-5).
12
Suppose 0 = 2*m + 3*m - 15. Suppose -1 + 4 = -m*k. Let t be (10/(-4) - k)*2. Let z(b) = -b - 1. Determine z(t).
2
Let b(x) = x**2 - x - 4. Let l be b(3). Let k(u) = -3*u + l*u + 2*u. Let o(v) = v**2 + v - 5. Let q be o(3). Calculate k(q).
7
Let x = -23 + 36. Let s = x + -19. Let c(p) = 2*p**2 - 2*p - 3. Let f(j) = 5*j**2 + 2*j - 6. Let a(q) = 2*c(q) - f(q). What is a(s)?
0
Let g = -48 - -55. Let m(a) be the third derivative of -a**4/12 + 7*a**3/6 - a**2. Give m(g).
-7
Let u be (0/(-1 + -3))/1. Suppose u = -2*v - 3*v - 25. Let s(r) = -r**2 - 6*r + 1. Calculate s(v).
6
Let d(x) = 2*x**2 - 2 - x**3 + 2*x**2 - x**2 + 4*x. Let o be d(4). Let a be o + (-1)/(3/(-15)). Let p(g) = -4*g + 1. Give p(a).
-11
Let n(d) be the second derivative of d**3 + d**2/2 - 42*d. What is n(-4)?
-23
Let z(t) = -t**2 + 3*t + 1. Let n(x) = -x**3 + x**2 - x + 3. Let g be n(0). Calculate z(g).
1
Let a(j) = -2 - 22*j + 0 + 21*j - 3. Give a(-13).
8
Let r(u) be the second derivative of -u**4/12 - 7*u**3/6 - 2*u**2 + 107*u. Calculate r(-6).
2
Let w(b) = -b - 1. Let p be 1/(1/(-3)) + (-16)/8. Let o be 4 - (-15)/p - -3. What is w(o)?
-5
Let s be (-6)/(-8) - 8477/(-692). Let c(t) = -3*t + 44. Determine c(s).
5
Suppose -47 = u - 46. Let o(r) = 14*r - 1. Determine o(u).
-15
Let a(f) = 1 + 2*f + 0 - 1 + 3 - f**2. Let q(x) = 2*x - 12. Let k be q(8). Let h be a(k). Let u(z) = z - 2. Determine u(h).
-7
Let v(t) = -2*t + 5. Let s(r) = -r + 4. Let m(b) = -4*s(b) + 3*v(b). What is m(2)?
-5
Let n(f) be the third derivative of 0*f**4 + 0 + 1/30*f**5 + 3*f**2 + 0*f - 2/3*f**3. Calculate n(-3).
14
Suppose -3*v - y + 5 = 2*v, 23 = 4*v - 3*y. Suppose v - 7 = 5*w. Let j(l) = -l - 1. Determine j(w).
0
Let u(o) = 5*o - 4 - o**3 + 42*o**2 - 45*o**2 - 3*o. Calculate u(-4).
4
Let h(f) = -f**2 + 2*f + 2. Let b = 395 + -396. Give h(b).
-1
Let l(i) = -19*i - 1. Let u(b) = 7*b. Let d(k) = -3*l(k) - 8*u(k). Let a(n) = -n**3 + 3*n**2 + 5*n. Let v be a(4). Suppose v*s + 6 = 3*s. What is d(s)?
-3
Let h(g) = -g**3 + 7*g**2 + 9*g - 8. Let y(t) = 5*t + 11. Let s be y(-6). Suppose 5*w - 147 = -3*k, -2*w = -3*w + 2*k + 19. Let a = w + s. What is h(a)?
0
Let l(w) = 3*w**3 + 9. Let p(c) = -c**3 - 4. Let d(g) = -4*l(g) - 9*p(g). Suppose -3*v = -u + 4*u + 12, 5*u = -3*v - 10. Give d(u).
-3
Let d be ((-5)/(-10))/(2/4). Let s = -1 - d. Let j(u) = 2*u**2 + 3*u + 5. Let p(w) = -3*w**2 - 4*w - 6. Let g(o) = 4*j(o) + 3*p(o). Give g(s).
-2
Let l(z) = -2*z + 6. Let h(y) = 8 + y**2 - 7*y + 14*y + 5. Let a be h(-6). Calculate l(a).
-8
Let f(j) = -8*j + 4 - 5 + 0 + 4*j. Give f(1).
-5
Let f(p) = -3*p + 1 + 1 + 2*p - 3. Let w(x) = -5*x - 4. Let b(z) = -6*f(z) + w(z). Let m be b(-3). Let q(k) = -4*k**3 - k**2 + 1. Give q(m).
4
Let r(v) be the first derivative of 2 + 0*v - 1/2*v**2. Let a(k) = -k**3 - 7*k**2 + 31*k + 16. Let j be a(-10). What is r(j)?
-6
Let l(z) = -15*z**2 - 86*z + 4*z**3 + 6 - 2 + 13*z + 69*z. Give l(4).
4
Suppose 5*u = -7*u + 756. Let r = u - 70. Let p(l) = l - 1. Calculate p(r).
-8
Let n(v) = -383*v + 1 + 765*v - 382*v + 5*v**2. Suppose 3 = 7*d - 4*d. Determine n(d).
6
Suppose 8*m = 4*m - 12. Let q(b) be the first derivative of -2/3*b**3 + 1/2*b**2 - 1/4*b**4 - 1 + 4*b. Give q(m).
10
Let h(n) = 2*n - 17. Let w be h(10). Suppose 2*q = 3*q - 3*r - 17, -5*q + 4*r + 30 = 0. Let y(o) = -o + 0*o**2 - o + 1 - 4 + o**q. Calculate y(w).
0
Let p(m) = -m**3 - 4*m**2 + 4*m. Let w be (1 - (-8)/4) + -14. Let r be (-2)/w + 46/(-11). Calculate p(r).
-16
Let d(c) = -c + 1. Suppose -11*b + 99 = -8*b. Suppose -2*a + 25 = b. Calculate d(a).
5
Let p(g) = g**3 + g**2 - 7*g - 3. Let q(r) = -3*r + 12. Let l be q(5). Let h be p(l). Let t(d) = d + 13. Calculate t(h).
13
Let d = -71 - -73. Let i be 0/(2*2/d) + 2. Let m(k) = 2*k + 2. Give m(i).
6
Let k(p) = -8*p + 3. Let g be k(2). Let c = 0 - g. Let u(z) = 12*z**2 + 0 + z - c*z**2 + 1. Determine u(0).
1
Let h(t) be the third derivative of t**6/120 - 13*t**5/60 + 3*t**4/8 - 13*t**3/6 - 392*t**2. What is h(12)?
-49
Let x(q) = q**2 + 14*q + 23. Let l(h) = -2*h**2 - 29*h - 46. Let z(p) = 2*l(p) + 5*x(p). Let s be z(-10). Let u(o) = -o - 4. Give u(s).
-7
Let s be 3*(-4)/6*-1. Suppose -s*j = -9 - 3. Let k(q) = -5*q + j*q**2 - q**3 + 3*q - 6*q + 7. Determine k(5).
-8
Let j(u) = u**3 - 8*u**2 - u + 9. Suppose -5*x + n = -36, 0 = x + 3*n - 11 - 9. Let b be j(x). Let a(w) = -1 + 2 + 2*w - 1 + 1. Determine a(b).
3
Let w(f) be the first derivative of -f**3/3 - 2*f**2 - 2*f + 24. What is w(-5)?
-7
Let q(n) = -8*n**2 + 5*n + 6. Let j(l) = -8*l**2 + 4*l + 5. Let i(m) = -5*j(m) + 4*q(m). Let p = -23 + 30. Let a be (-5 - -1) + -2 + p. Calculate i(a).
7
Suppose -4*o - 8 = -5*v - 69, -3*o + 12 = 3*v. Let d(n) = n**3 - 9*n**2 - 9. What is d(o)?
-9
Let g be 2 - 4/1 - 0. Let z(d) = -d - 1. Let o(y) = -3*y - 1. Let u be 5*5/25 + 0. Let k(j) = g*z(j) + u*o(j). Give k(6).
-5
Let j(b) = b**3 + 15*b**2 + 15*b + 18. Let z = -56 - -42. Give j(z).
4
Let x(j) = 2*j**3 + 6*j**2 + 7*j + 6. Suppose 5*y + 5*o = -45, -3*y - 8 = -6*y + 4*o. What is x(y)?
-54
Let f(c) = -c - 4. Let m(h) = 1. Let p(a) = -2*f(a) - 5*m(a). Determine p(4).
11
Let n be 46/11 + 2 - (-20)/(-110). Let h(v) = -4*v + 17. Give h(n).
-7
Let g(l) = -l + 6. Let f = -2371 - -2371. Calculate g(f).
6
Let a(y) = 6*y - 3. Suppose 0*c + 4 = 2*c. Suppose -2*b - 6 = -2*u, 2*b = -c*u + 13 + 1. Give a(b).
9
Let q be -4*-2*(-20)/(-32). Suppose -1 + 16 = -q*d. Let a(h) = h**2 + 7*h + 4. Give a(d).
-8
Let l(a) = -a**2 - 3*a - 4. Let s(q) = -q**2 - 3*q + 29. Let h be s(0). Let g be (1*-2)/(h/58). Determine l(g).
-8
Let l(j) = 3*j**2 + j - 1. Let n(t) be the third derivative of -t**5/15 - t**4/24 + t**3/6 - 14*t**2. Let z(u) = -5*l(u) - 4*n(u). Give z(1).
1
Let x(u) = 13*u - 9. Let p(o) = 6*o + 1. Let f(n) = -2*p(n) + x(n). Calculate f(5).
-6
Let a be (-6)/(-4)*(286/33 + -6). Let t(v) be the second derivative of 0 - 4*v + 1/20*v**5 - v**3 + 1/2*v**2 + 1/2*v**a. Give t(-7).
-6
Let f(a) = -a**2 - 7*a + 6. Suppose 0 = 21*b + b + 176. What is f(b)?
-2
Let r(y) be the second derivative of y**4/12 + y**3/6 - 5*y**2 - 12*y. Let w be ((-92)/8)/(2/(-4)). Let h = w + -23. Calculate r(h).
-10
Let s be 4/14 + 44/(-7). Suppose -14 = -2*m - 8. Let v(i) = 2 - m*i + 2*i - 2. Give v(s).
6
Let n(j) = j**3 - 3*j**2 - 2*j + 3. Let t be n(3). Let g be (2/t)/(1/18). Let w be -3*(-8)/g + -2. Let r(q) = -q**2 - 4*q - 4. Determine r(w).
-4
Suppose -5*v + 1 - 21 = 0. Let u be (3 + 12)*-2*v/(-10). Let l(h) = h + 7. What is l(u)?
-5
Let g(r) be the third derivative of -r**6/720 + r**5/120 + r**4 + r**2 - 22. Let d(f) be the second derivative of g(f). Determine d(0).
1
Suppose 8 + 2 = 2*i. Let q(d) = d - 6 + 2 + 1. Determine q(i).
2
Let d be (48 + -6)*1/3. Let y(u) = 2*u - 12. Calculate y(d).
16
Let i(y) = 2*y + 21. Let f(j) = -j - 18. Let b(v) = 7*f(v) + 6*i(v). Give b(-1).
-5
Let q(y) = -3*y - 1. Let x(l) = l**2 + 5*l - 6. Let s be x(-6). Suppose 3*j - 53 = -2*t, -5*t = -s*j + 5*j - 95. Suppose -10 = 5*r + j. Calculate q(r).
14
Let p(h) = h**2 + 7*h + 18. Let r be p(-4). Let m = -24 + 35. Suppose r*b - m = -47. Let i(g) = g + 8. Determine i(b).
2
Suppose -g = -1 - 2. Suppose -i - 15 = -3*z - 5, -5*i = -g*z - 10. Let l(j) = -j**2 + 6*j - 5. What is l(i)?
0
Suppose 0*i = 4*i. Let a(z) = -7 + 8 - z**2 - 5 - 1 - 2. What is a(i)?
-7
Let m be 359/(-60) - (2 - 8). Let i(t) be the third derivative of 0*t + 5*t**2 - 2/3*t**3 + 0 + 1/12*t**4 - m*t**5. What is i(3)?
-7
Let v(m) = 4*m**2 - 82*m - 43. Let f be v(21). Let q(g) =